ne a(s).
4
Let t(q) be the second derivative of -q**4/12 - 7*q**3/6 - 3*q**2/2 - 48*q. Determine t(-6).
3
Suppose 3*p = -6, 3*p + 19 = -3*i + p. Let w(o) = -4*o**2 + 3 - 4*o + 0*o + 3*o**2. Determine w(i).
-2
Let v(p) = -9*p + 56. Let j be v(6). Let g(o) be the first derivative of -6*o - 1/2*o**j - 2. Calculate g(-5).
-1
Let t(r) = 5*r**3 - 4*r**2 - 7*r - 2. Let f(h) = -h**3 + 1. Let i(p) = -4*f(p) - t(p). Determine i(5).
8
Let d(h) be the third derivative of h**8/3360 - h**7/5040 - h**6/720 + h**5/30 - 4*h**2. Let a(g) be the third derivative of d(g). Determine a(-1).
6
Let g(i) = i**2 + 4*i**3 + 20*i + 4*i**3 - i**3 - 21*i. Suppose 5 = 2*u + 3. Calculate g(u).
7
Let p(d) = 2*d**2 + 2*d + 4. Let y(c) = -3 + 7 + c - 3. Let u(z) = -p(z) + 3*y(z). What is u(1)?
-2
Let u(y) be the second derivative of y**6/720 + y**5/120 + y**4/6 - 3*y. Let c(w) be the third derivative of u(w). Give c(1).
2
Suppose -2*x = x - b - 8, 4*x - 4*b = 8. Let l(t) = x + 1 + 0*t + t. What is l(-4)?
0
Let w = 59 + -49. Let c = -4 + 6. Suppose 0 = -4*n + c*n + w. Let i(p) = -p - 7. Give i(n).
-12
Let b(n) be the first derivative of -3*n**2/2 + 6. Give b(-1).
3
Let l(m) be the first derivative of -1/2*m**2 - 1/3*m**3 + 5 + m. Let y = -3 + 2. Calculate l(y).
1
Let d be 2/11 - 490/154. Let x(v) = -v**2 - 4. Give x(d).
-13
Let n(v) = v + 17. Suppose 0 = 7*i + 81 + 17. Give n(i).
3
Let i(y) = y + 8. Let s(w) = -1. Let f(k) = -i(k) - 6*s(k). Let a(h) = h. Let v be a(-1). Determine f(v).
-1
Let y be -1 - -1 - 1 - -5. Suppose -12 = -0*v - 4*v + j, 0 = -y*v - 3*j - 4. Let c(w) = 3*w**v + 2*w**3 - 5*w**3 - 3 + 4*w**3. What is c(-3)?
-3
Suppose -p - 1 = -2*q, 0 = -0*q - 2*q - 2. Let f(c) be the second derivative of 1/2*c**3 + 0*c**2 + c + 1/12*c**4 + 0. Determine f(p).
0
Let t(s) = -2*s - 12. Let g be t(-9). Let d(y) = -4 + g - 2*y - 1 - 4*y. Suppose 0*i + 5*i + 2*a - 15 = 0, -3*i + 28 = 5*a. Determine d(i).
-5
Let x be 9/6 + (-5)/(-2). Let d(r) = r + 2. Give d(x).
6
Suppose 0 = -2*z - 0*y + 4*y + 36, -z = 5*y - 39. Suppose -19*c = -z*c - 5. Let n(g) be the first derivative of -5*g**3/3 + g**2 + g + 1. Calculate n(c).
-6
Let g(n) be the first derivative of -5*n**2/2 - n + 38. What is g(1)?
-6
Let h(g) = -2*g - 1. Suppose -4*d = 5*n + 9, 2*d + 2*d - 5*n = 1. Calculate h(d).
1
Let q(k) be the first derivative of -6 + 1/2*k**2 + 0*k. Suppose -g + 8 = g + 2*b, -4*g + 4*b - 24 = 0. Give q(g).
-1
Let w(j) = j**2 - 2*j - 1. Let p(c) = -c**3 - 8*c**2 - 7*c - 5. Let k be p(-7). Let u = -4 - k. Suppose 0 = -x - 4*t + 2*t + u, 3*x + 3*t = 0. What is w(x)?
2
Let k(o) = 2*o**3 - 2*o**2 + 3*o - 2. Let h(r) = 6*r - 28. Let c be h(5). Calculate k(c).
12
Let v(i) = -4 + i - 2*i + 2 - 2*i**3 + 3*i. Give v(2).
-14
Let i(l) = 5*l**3 + 9*l**2 + l - 25. Suppose 5*p = 3*p + 6. Let b(c) = -2*c**2 + 5 + 4*c**p - 2*c**3 - 3*c**3. Let z(y) = -11*b(y) - 2*i(y). Calculate z(-4).
3
Let j(f) be the first derivative of 3*f**2/2 - 9*f + 5. Determine j(6).
9
Let w(n) = 0 + 10*n - 9*n - 2. Give w(0).
-2
Let i = 10 + -10. Let z(l) be the third derivative of 0 + 1/8*l**4 + i*l + 1/60*l**5 - 1/3*l**3 + l**2. Determine z(-5).
8
Let d = 0 + 0. Let t(q) = 0*q + q + d*q. Let w be (-2 - 1)/(3/2). Determine t(w).
-2
Let g(q) = q + 3. Let p(s) = 2*s**2 + 5*s. Let c be p(-4). Suppose -4*l + 0 - 15 = -5*t, c = 3*l + 4*t. Let a = l + 0. Give g(a).
3
Let a(d) be the first derivative of d**6/120 - d**5/30 + d**4/12 + d**3/3 - 3*d**2/2 + 4. Let k(z) be the second derivative of a(z). Calculate k(2).
6
Let w(t) = 0 - 3 + 3 + t**3 - t + 4*t**2. Calculate w(-5).
-20
Let q(w) = -w**3 + 3*w**2 - w. Let g(a) be the first derivative of -a**2/2 - a + 1. Let b be g(-3). Suppose 4 = -b*z + 6. Determine q(z).
1
Let v = 6 + -5. Let r(x) = 0 + 5*x - 3*x + v - x. Let y be r(-2). Let m(h) = h**3 - h**2 + 1. Determine m(y).
-1
Let n(q) = -18*q**3 + 2*q + 1. Let g(l) = 2*l**2 - 6*l + 3. Let y be g(2). What is n(y)?
17
Let o(x) = -15*x + 6*x + 1 - 3*x. Give o(1).
-11
Let v(t) = 4*t - 4. Let j(o) = 17*o - 16. Let l(n) = 2*j(n) - 9*v(n). What is l(-3)?
10
Suppose z + 0*z = 4. Let m(f) = 8 + f - z + 8. Suppose 4*v + 20 = 4*o - 8*o, -2*v - 4*o = 20. Give m(v).
12
Let x(m) = m**2 + 4*m - 1. Let s(f) = f. Let w(n) = -7*s(n) + 2*x(n). Let y = 5 + 4. Suppose 3*d - 3 + y = 0. Determine w(d).
4
Let d be 0 - 1*-6*1. Let c(z) = -2*z**3 + z**2 - 6*z + 6. Let u(s) = 2*s**3 - s**2 + 5*s - 5. Let w(a) = d*c(a) + 7*u(a). Determine w(1).
1
Let m(g) = -7*g - 6. Suppose 0*j = 5*c - 4*j + 16, c - 2*j = -2. Calculate m(c).
22
Let y = -2 - -8. Suppose y*f - f + 10 = 0. Let i(u) = 2*u**3 + 4*u**2 + 2*u - 1. Determine i(f).
-5
Let p be 7 - 1 - 1 - -1. Suppose -p = -2*i - i. Let w(q) = 18*q**3 - 9*q**3 - 1 + 0*q + 0*q + i*q**2. Calculate w(1).
10
Let p(a) = -5*a**3 - 2*a**2 - a. Let s be p(-1). Suppose 3*o + 0*o - h - 16 = 0, -4*h = s*o - 16. Let m(r) = -r**3 + 4*r**2 + 5*r - 7. What is m(o)?
-7
Suppose -3*v = 3*l - 3, -9 + 25 = -4*l. Let i(n) be the third derivative of 2*n**2 - 1/3*n**3 + 0 + 0*n + 1/24*n**4. What is i(v)?
3
Let m(s) = -s**3 + 3*s**2 + 3*s - 2. Let n = -166 - -169. Determine m(n).
7
Suppose 4 = 7*b - 3*b. Let u(t) = 2*t**3 + t. What is u(b)?
3
Let c(o) be the second derivative of o**4/12 - o**3 + 3*o**2 - 14*o. What is c(6)?
6
Suppose 2*l + l = 0. Let w = 1 + 5. Let k(b) = b + 0*b - 2*b - w. Calculate k(l).
-6
Let y(w) = w**2 - 4*w - 13. Let n be y(6). Let i(r) be the first derivative of 2*r**4 + 2*r**3/3 + r**2/2 - 1. Determine i(n).
-7
Suppose -2*y + 4*y = 0. Let x(l) = 4*l + 1 - 5*l + y*l. Let o = -9 - -5. What is x(o)?
5
Let x(q) = 22*q**3 - q**2 - q - 1. Let p(f) = f**2 + 2*f - 4. Let v be p(-3). Give x(v).
-23
Let t(f) = f + 2. Let v(c) = 3*c + 6. Let n(k) = 11*t(k) - 4*v(k). Let z(h) = -h**2 + 7*h - 1. Let j be z(6). Determine n(j).
-7
Suppose -3*j - 2*j - 4*b - 12 = 0, -9 = 3*b. Let c(q) be the first derivative of -8*q - 1/2*q**2 + 1. Determine c(j).
-8
Let x(u) = -7 + 9*u**2 + 17*u - 23*u + 12 - u**3. Determine x(8).
21
Let n(b) = 4*b - 11. Let w be n(4). Let i(x) = 3*x**2 - 13*x + 3. Let f(c) = c**2 - 4*c + 1. Let j(u) = -8*f(u) + 3*i(u). Determine j(w).
-9
Suppose 5*q - 5*z + 5 = 0, 4*z - 14 = 3*q - 4*q. Suppose 3*b + 13 = -q. Let n(v) = v**3 + 4*v**2 - 6*v + 2. What is n(b)?
7
Let n be 4 + 1 + (-2 - -3). Let v(y) = 1 - 4*y + 1 + y**2 + n*y - y. Determine v(-2).
4
Let b(a) = a**3 + 4*a**2 + 4*a + 2. Let x(s) = -2*s + 5. Let n be x(4). What is b(n)?
-1
Let s be ((-8)/10)/((-4)/10). Let r(c) = -c**2 + 3*c. Let b(h) = h + 1. Let u(m) = 2*b(m) - r(m). Determine u(s).
4
Let u(l) = 5*l**2 + 9*l**2 - 16*l + 0*l**3 - 3*l**2 - 1 - 5*l**3. Let b(p) = p**3 - 2*p**2 + 3*p. Let v(a) = -11*b(a) - 2*u(a). Determine v(2).
-8
Let p(j) = -3*j + 2 + 2*j - 3. Let v be (2 - 2) + 1 + 3. What is p(v)?
-5
Let x(v) = -v + 6. Let p be x(4). Let h(d) = -d**3 - 4 - p*d + 6*d**2 + 2*d. Calculate h(6).
-4
Let y(b) = -2*b + 1. Let l(k) = -3*k - 10. Let m be l(-7). Let c = m + -9. Give y(c).
-3
Let x(c) = -5 - 5*c + c + 5*c. Suppose 2*u + 3*t + 14 - 19 = 0, -4*u - 3*t + 13 = 0. Determine x(u).
-1
Let u(s) = -s. Suppose -10 = 2*c + 46. Let z be 12/c - 18/7. What is u(z)?
3
Let u(h) = -1. Let o(j) = j + 5. Suppose 5*r - p + 20 = 0, -12 = 3*r - 3*p + 4*p. Let n(z) = r*o(z) - 18*u(z). Calculate n(-2).
6
Let s(c) = -c - 1. Suppose -4*d - 4*a = -28, 7*a = -2*d + 3*a + 12. Suppose k = -d + 3. Let m be s(k). Let g(u) = -u**2 + 7*u - 6. Calculate g(m).
6
Let t(g) = g**2 - 1. Suppose -2*c + 39 = 7. Suppose 3*d + c = -5*p, 3*d + 0 - 2 = 4*p. What is t(d)?
3
Let x(o) = o**3 - 5*o**2 - 7*o - 2. Let t be (4/8)/(2/(-12)). Let y be t/6 - (-13)/2. Determine x(y).
-8
Let t(b) be the third derivative of -b**4/24 + 5*b**3/3 - 9*b**2 - 2. Calculate t(8).
2
Let o = -1 + 6. Let h(p) = -4*p + 3. Let f(n) = 5*n - 3. Let b(c) = -3*f(c) - 4*h(c). What is b(o)?
2
Let b(c) = -c**2 - 1. Let x(i) = -3*i**2 + i - 4. Let u(o) = -2*b(o) + x(o). Calculate u(2).
-4
Let m(c) = -c + 5. Let t be ((-1)/3)/((-1)/36*2). Determine m(t).
-1
Let u(l) = -2*l + 1. Let q be u(3). Let t(f) = f**3 + 4*f**2 - 6*f - 2. What is t(q)?
3
Let j(o) be the second derivative of -o**3/2 - 2*o**2 + 37*o. Calculate j(-5).
11
Let n = -4 - -2. Let f(s) = -2*s. Let d be f(n). Suppose 5 = -d*t + 5*t. Let l(c) = 2*c - 3. What is l(t)?
7
Let v